*j + 18. Give f(3).
24
Let j(v) = 2*v + 9. Calculate j(-5).
-1
Let d(x) = -4*x - 16. Calculate d(-5).
4
Let b(a) = 15*a**2 - 80*a + 1. Give b(5).
-24
Let w(y) = 56*y**2 + y. Give w(1).
57
Let n(k) = k + 17. What is n(-6)?
11
Let x(h) = h**2 - 9*h + 3. Determine x(11).
25
Let h(r) = 2*r**2 - 13*r + 7. What is h(6)?
1
Let l(m) = -m**3 + 23*m**2 + 23*m + 24. Determine l(24).
0
Let z(p) = -4*p - 12. Calculate z(0).
-12
Let i(b) = -2*b**2 + 17*b + 4. Give i(8).
12
Let n(t) = -2*t**3 + 9*t**2 - 6*t. Determine n(4).
-8
Let h(f) = -f**2 - 41*f - 82. Determine h(-39).
-4
Let v(l) = 7*l + 2. What is v(-1)?
-5
Let g(a) = 11*a + 587. Give g(-56).
-29
Let y(f) = f**3 - 7*f**2 + 13*f - 13. Determine y(6).
29
Let t(b) = b**3 - 4*b**2 + 4*b + 5. What is t(3)?
8
Let b(x) = x**2 - 16*x - 7. Calculate b(17).
10
Let q(y) = 13*y + 34. What is q(-4)?
-18
Let q(v) = -v**3 - v**2 + 7*v + 4. Give q(-3).
1
Let a(v) = v**2 + 3*v - 8. Give a(-5).
2
Let d(w) = -w**3 + 10*w**2 + 22*w + 4. What is d(12)?
-20
Let b(o) = o**2 + 26*o - 28. Give b(-27).
-1
Let b(k) = k**3 - 9*k**2 - k + 21. What is b(9)?
12
Let v(b) = -b**3 + 5*b**2. Give v(5).
0
Let r(u) = 6*u**2 + 2*u + 1. Calculate r(-1).
5
Let j(m) = m**3 + 3*m**2 - 12*m - 10. What is j(-5)?
0
Let d(z) = z**2 + 74*z + 209. Give d(-3).
-4
Let g(s) = 5*s + 2. Determine g(-6).
-28
Let h(j) = 16*j + 6. What is h(-2)?
-26
Let d(k) = k**3 + 12*k**2 - 47*k + 10. Give d(3).
4
Let b(a) = -2*a + 16. Give b(-19).
54
Let d(r) = -2*r**2 - 22*r + 50. What is d(-13)?
-2
Let q(y) = y**2 - 6*y - 4. What is q(6)?
-4
Let v(a) = -a**2 - 4*a + 7. Give v(-7).
-14
Let z(u) = 3*u - 18. What is z(4)?
-6
Let d(z) = -z**3 - 9*z**2 - 18*z + 4. Calculate d(-5).
-6
Let v(j) = 24*j**3 - j - 1. What is v(-1)?
-24
Let x(z) = 2*z**2 - 21*z + 6. Determine x(10).
-4
Let i(v) = 9*v**2 + 6*v + 16. Calculate i(-2).
40
Let j(o) = 4*o + 37. Give j(-10).
-3
Let i(y) = -y**2 + 5*y + 2. Calculate i(6).
-4
Let d(u) = u - 22. Calculate d(18).
-4
Let b(r) = -16*r - 427. Give b(-26).
-11
Let j(z) = 3*z - 14. What is j(5)?
1
Let u(p) = p**3 - 23*p**2 + 21*p + 3. Give u(22).
-19
Let m(v) = 2*v + 49. Calculate m(-24).
1
Let r(z) = -37*z + 7. Determine r(3).
-104
Let a(n) = -n**2 - 9*n - 18. Calculate a(-6).
0
Let g(z) = z**2 + z. Determine g(0).
0
Let i(s) = -s + 19. Determine i(14).
5
Let r(m) = m**2 - 7*m - 2. Determine r(4).
-14
Let l(d) = -d**3 - 21*d**2 + 2*d + 34. Give l(-21).
-8
Let c(g) = -g**3 + 5*g**2 - 5*g - 2. What is c(4)?
-6
Let v(a) = -a - 4. Give v(-7).
3
Let j(x) = -2*x**2 + 47*x - 26. Give j(23).
-3
Let o(c) = 3*c**3 - c**2 - 6*c + 2. Give o(3).
56
Let v(x) = -x**3 + 22*x + 16. Give v(-4).
-8
Let y(f) = -31*f + 302. Give y(10).
-8
Let w(r) = 9*r + 5. Give w(-4).
-31
Let s(z) = -22*z - 11. Give s(-6).
121
Let g(b) = 7*b + 91. Give g(-14).
-7
Let y(t) = t**3 + 5*t**2 - 3*t - 12. Determine y(-5).
3
Let z(b) = 27*b**2 + 4*b - 6. Give z(-2).
94
Let x(r) = -r - 6. Determine x(-19).
13
Let m(i) = -i**3 - 37*i**2 - 36*i + 6. Calculate m(-36).
6
Let h(r) = -r**3 - 9*r**2 - 17*r + 16. Calculate h(-4).
4
Let d(m) = 2*m**2 + 5*m - 1. Give d(-4).
11
Let u(o) = -o**2 - 7*o + 3. Give u(-4).
15
Let k(z) = -2*z**2 - 11*z + 11. Give k(-7).
-10
Let i(l) = -2*l**2 - 31*l - 16. What is i(-15)?
-1
Let r(c) = -c**3 + 8*c**2 + 9*c + 10. What is r(9)?
10
Let u(s) = 2*s**3 + 3*s**2 + 4. What is u(-3)?
-23
Let b(o) = -o**2 - 6*o + 12. Determine b(-6).
12
Let k(i) = -20*i**3 - 1. Give k(-1).
19
Let x(m) = m**3 + 8*m**2 - 2*m - 9. Give x(-8).
7
Let x(r) = -18*r + 51. Calculate x(3).
-3
Let c(v) = -v**3 + 2*v**2 + 71*v - 142. Determine c(2).
0
Let y(g) = -11*g - 179. Calculate y(-16).
-3
Let j(u) = u + 7. Calculate j(-5).
2
Let g(j) = 4*j - 29. What is g(6)?
-5
Let l(j) = -j**2 - 17*j + 62. Give l(-20).
2
Let t(i) = -16*i + 3. Calculate t(2).
-29
Let m(t) = -t**2 - 3*t + 6. Give m(10).
-124
Let d(m) = m**2 - 16*m - 19. Calculate d(17).
-2
Let k(l) = -l**3 + l**2 + 2*l + 1. What is k(3)?
-11
Let l(x) = -3*x + 48. What is l(19)?
-9
Let j(y) = -y**2 + 44*y - 226. Give j(38).
2
Let q(u) = u**3 - 9*u**2 + 7*u + 14. Determine q(7).
-35
Let v(n) = n**2 - 7*n + 3. What is v(6)?
-3
Let g(j) = -j**2 + j + 2. Calculate g(-1).
0
Let c(u) = 2*u**2 - 26*u + 1. Give c(13).
1
Let u(k) = 5*k - 48. What is u(10)?
2
Let q(d) = d**2 + 8*d - 11. Give q(-8).
-11
Let x(v) = v**3 - 7*v**2 + 3*v + 14. What is x(6)?
-4
Let l(z) = -7*z + 63. Calculate l(9).
0
Let q(z) = -z**3 + 21*z + 25. What is q(-4)?
5
Let p(u) = 4*u**2 - 4. Give p(-2).
12
Let z(j) = j**2 - 16*j - 3. What is z(8)?
-67
Let y(o) = 2*o**3 + 36*o**2 - 40*o - 14. What is y(-19)?
24
Let p(b) = -3*b**2 - 6*b + 1. Calculate p(-5).
-44
Let z(k) = k - 26. Determine z(18).
-8
Let p(i) = -3*i + 2. What is p(4)?
-10
Let l(r) = r**2 + 5*r + 6. What is l(-4)?
2
Let d(h) = 86*h + 2. Calculate d(-1).
-84
Let g(q) = -q**2 + 15*q - 45. What is g(7)?
11
Let k(a) = -a**2 + a - 3. Determine k(2).
-5
Let q(m) = -m**2 - 12*m - 1. Give q(-14).
-29
Let u(b) = 8*b + 46. What is u(0)?
46
Let m(u) = 8*u - 121. Give m(20).
39
Let a(p) = 18*p - 1. What is a(2)?
35
Let d(m) = -3*m - 27. Give d(-13).
12
Let q(h) = -20*h. Determine q(1).
-20
Let o(t) = -35*t - 4. Determine o(-3).
101
Let h(o) = 16*o - 105. Determine h(9).
39
Let a(g) = 3*g**2 - 58*g - 176. Calculate a(22).
0
Let t(b) = -2*b - 5. Determine t(-6).
7
Let l(m) = m + 1. Give l(-12).
-11
Let n(j) = -j**3 + 7*j**2 + j - 6. Determine n(7).
1
Let j(i) = -10*i - 80. Give j(-8).
0
Let q(k) = 6*k + 2. Calculate q(3).
20
Let u(j) = -j**2 + 25*j - 103. What is u(5)?
-3
Let h(l) = 3*l - 8. Give h(6).
10
Let b(m) = -m - 8. Calculate b(-14).
6
Let j(t) = -t**3 - 9*t**2 - t - 10. Calculate j(-9).
-1
Let f(z) = -z**2 - 12*z + 19. Calculate f(-13).
6
Let h(f) = -3*f - 12. Give h(3).
-21
Let o(l) = l. Determine o(-1).
-1
Let p(k) = k**2 - 10*k - 43. Calculate p(13).
-4
Let o(m) = -8*m - 26. Determine o(0).
-26
Let p(u) = u**2 - 12*u + 4. Determine p(7).
-31
Let m(h) = -h**2 + 81. Calculate m(-9).
0
Let w(m) = -m**2 - 20*m + 122. What is w(5)?
-3
Let j(p) = -3*p - 15. Give j(-10).
15
Let l(b) = 2*b + 27. Determine l(-20).
-13
Let c(m) = -2*m**2 - 83*m - 37. Calculate c(-41).
4
Let c(g) = -2*g**2 - 5*g - 8. What is c(-3)?
-11
Let m(o) = -o**3 + 6*o**2 - 3*o + 24. Determine m(6).
6
Let q(s) = -3*s**2 + 5*s + 1. Calculate q(-4).
-67
Let i(y) = -y**3 - 2*y**2 + 5*y + 20. What is i(-4)?
32
Let o(r) = -r**3 - 10*r**2 + 21*r - 16. What is o(-12)?
20
Let y(l) = -3*l**3 + 2*l**2 + l. Determine y(-2).
30
Let p(w) = -4*w - 84. Calculate p(-18).
-12
Let j(c) = 23*c - 316. Determine j(13).
-17
Let z(k) = 2*k**2 + 5*k + 11. What is z(-3)?
14
Let j(b) = 20*b - 3. Give j(-1).
-23
Let b(x) = 6*x - 12. What is b(8)?
36
Let r(m) = 2*m + 22. Give r(-9).
4
Let k(o) = 3*o - 20. Give k(0).
-20
Let q(i) = -13*i + 8. Determine q(6).
-70
Let f(y) = y**2 - 4*y - 5. Give f(-2).
7
Let c(g) = -g**3 + 13*g**2 + 10*g - 2. Calculate c(13).
128
Let y(v) = 19*v + 49. Determine y(-6).
-65
Let v(x) = -7*x + 2. Determine v(5).
-33
Let j(q) = q**3 + 4*q**2 + q - 6. What is j(-3)?
0
Let k(w) = w**3 + 22*w**2 - 2*w - 13. Determine k(-22).
31
Let p(v) = 2*v**3 - 2*v**2 - 3*v + 4. Give p(2).
6
Let s(l) = 4*l**2 + 11*l + 12. Give s(-1).
5
Let d(j) = -140*j + 134. Determine d(1).
-6
Let i(v) = v**3 - v**2 - 11*v + 6. Calculate i(4).
10
Let w(y) = -y**2 + 8*y - 2. What is w(8)?
-2
Let g(k) = -9*k**2 - 9*k - 23. Give g(-2).
-41
Let a(i) = -2*i**3 - 11*i**2 - i - 51. Calculate a(-6).
-9
Let z(a) = 12*a**3 - 72*a**2 - 3*a + 14. What is z(6)?
-4
Let h(c) = -15*c - 1. Give h(-2).
29
Let z(x) = 89*x + 66. Calculate z(-1).
-23
Let s(n) = 2*n - 20. Determine s(6).
-8
Let r(t) = 14*t - 479. What is r(34)?
-3
Let l(x) = 6*x + 14. Give l(16).
110
Let p(h) = -2*h - 47. Calculate p(-20).
-7
Let c(y) = y**3. Determine c(-2).
-8
Let o(g) = -6*g - 115. What is o(-14)?
-31
Let a(z) = -z**2 + 14*z - 4. Calculate a(11).
29
Let l(n) = n**2 + 7*n + 3. Give l(-3).
-9
Let l(a) = 4*a - 23. What is l(8)?
9
Let b(s) = s**3 - 5*s**2 - 8*s + 1. Calculate b(7).
43
Let c(f) = -16*f + 37. Calculate c(3).
-11
Let i(c) = -13*c - 23. What is i(6)?
-101
Let h(g) = 2*g**3 - g**2 - 2*g - 1. Determine h(2).
7
Let h(x) = x**2 - 7*x - 67. Determine h(12).
-7
Let t(b) = -3*b**2 - 43*b + 132. What is t(-17)?
-4
